{"id":46,"date":"2018-09-25T06:36:54","date_gmt":"2018-09-25T06:36:54","guid":{"rendered":"http:\/\/thorsten-mann-raudies.de\/?page_id=46"},"modified":"2022-11-07T18:20:09","modified_gmt":"2022-11-07T18:20:09","slug":"mitgliedschaften","status":"publish","type":"page","link":"https:\/\/thorsten-mann-raudies.de\/?page_id=46","title":{"rendered":"Mitgliedschaften"},"content":{"rendered":"<p><a href=\"https:\/\/ndr.verdi.de\/\" target=\"_blank\" rel=\"noopener\">ver.di<\/a><\/p>\n<p><a href=\"https:\/\/www.awo-stadtteil-treffpunkt-klostersande.de\/\" target=\"_blank\" rel=\"noopener\">Arbeiterwohlfahrt<\/a><\/p>\n<p><a href=\"http:\/\/www.truunfastelmshorn.de\/\" target=\"_blank\" rel=\"noopener\">Tru un fast<\/a><\/p>\n<p><a href=\"http:\/\/www.vbv-elmshorn.de\/\" target=\"_blank\" rel=\"noopener\">Verkehrs- und B\u00fcrgerverein<\/a><\/p>\n<p><a href=\"https:\/\/sites.google.com\/view\/dfg-elmshorn\/\" target=\"_blank\" rel=\"noopener\">Deutsch- Franz\u00f6sische Gesellschaft<\/a><\/p>\n<p><a href=\"http:\/\/www.concerto-elmshorn.de\" target=\"_blank\" rel=\"noopener\">Concerto Elmshorn e.V.<\/a><\/p>\n<p><a href=\"https:\/\/www.nikolai-elmshorn.de\/\" target=\"_blank\" rel=\"noopener\">F\u00f6rderkreis f\u00fcr Kirchenmusik an St. Nikolai Elmshorn<\/a><\/p>\n<p><a href=\"https:\/\/www.shmf.de\/de\/der-verein\" target=\"_blank\" rel=\"noopener\">Verein des Schleswig-Holstein Musikfestival<\/a><\/p>\n<p><a href=\"https:\/\/www.shmf.de\/de\/chor\">Schleswig-Holstein Festivalchor<\/a><\/p>\n","protected":false},"excerpt":{"rendered":"<p>ver.di Arbeiterwohlfahrt Tru un fast Verkehrs- und B\u00fcrgerverein Deutsch- Franz\u00f6sische Gesellschaft Concerto Elmshorn e.V. F\u00f6rderkreis f\u00fcr Kirchenmusik an St. Nikolai Elmshorn Verein des Schleswig-Holstein Musikfestival Schleswig-Holstein Festivalchor<\/p>\n","protected":false},"author":1,"featured_media":0,"parent":0,"menu_order":0,"comment_status":"closed","ping_status":"closed","template":"","meta":{"jetpack_post_was_ever_published":false,"footnotes":""},"class_list":["post-46","page","type-page","status-publish","hentry"],"jetpack_sharing_enabled":true,"jetpack_shortlink":"https:\/\/wp.me\/Paioum-K","_links":{"self":[{"href":"https:\/\/thorsten-mann-raudies.de\/index.php?rest_route=\/wp\/v2\/pages\/46","targetHints":{"allow":["GET"]}}],"collection":[{"href":"https:\/\/thorsten-mann-raudies.de\/index.php?rest_route=\/wp\/v2\/pages"}],"about":[{"href":"https:\/\/thorsten-mann-raudies.de\/index.php?rest_route=\/wp\/v2\/types\/page"}],"author":[{"embeddable":true,"href":"https:\/\/thorsten-mann-raudies.de\/index.php?rest_route=\/wp\/v2\/users\/1"}],"replies":[{"embeddable":true,"href":"https:\/\/thorsten-mann-raudies.de\/index.php?rest_route=%2Fwp%2Fv2%2Fcomments&post=46"}],"version-history":[{"count":6,"href":"https:\/\/thorsten-mann-raudies.de\/index.php?rest_route=\/wp\/v2\/pages\/46\/revisions"}],"predecessor-version":[{"id":667,"href":"https:\/\/thorsten-mann-raudies.de\/index.php?rest_route=\/wp\/v2\/pages\/46\/revisions\/667"}],"wp:attachment":[{"href":"https:\/\/thorsten-mann-raudies.de\/index.php?rest_route=%2Fwp%2Fv2%2Fmedia&parent=46"}],"curies":[{"name":"wp","href":"https:\/\/api.w.org\/{rel}","templated":true}]}}

<p><a href="https://ndr.verdi.de/" target="_blank" rel="noopener">ver.di</a></p>
<p><a href="https://www.awo-stadtteil-treffpunkt-klostersande.de/" target="_blank" rel="noopener">Arbeiterwohlfahrt</a></p>
<p><a href="http://www.truunfastelmshorn.de/" target="_blank" rel="noopener">Tru un fast</a></p>
<p><a href="http://www.vbv-elmshorn.de/" target="_blank" rel="noopener">Verkehrs- und Bürgerverein</a></p>
<p><a href="https://sites.google.com/view/dfg-elmshorn/" target="_blank" rel="noopener">Deutsch- Französische Gesellschaft</a></p>
<p><a href="http://www.concerto-elmshorn.de" target="_blank" rel="noopener">Concerto Elmshorn e.V.</a></p>
<p><a href="https://www.nikolai-elmshorn.de/" target="_blank" rel="noopener">Förderkreis für Kirchenmusik an St. Nikolai Elmshorn</a></p>
<p><a href="https://www.shmf.de/de/der-verein" target="_blank" rel="noopener">Verein des Schleswig-Holstein Musikfestival</a></p>
<p><a href="https://www.shmf.de/de/chor">Schleswig-Holstein Festivalchor</a></p>

<p>ver.di Arbeiterwohlfahrt Tru un fast Verkehrs- und Bürgerverein Deutsch- Französische Gesellschaft Concerto Elmshorn e.V. Förderkreis für Kirchenmusik an St. Nikolai Elmshorn Verein des Schleswig-Holstein Musikfestival Schleswig-Holstein Festivalchor</p>
